 - 299. What is i(-60)?
1
Let l(t) = t**2 - 2*t + 14. Determine l(0).
14
Let x(u) = -u + 4. What is x(1)?
3
Let z(g) = -13*g - 2. Determine z(-3).
37
Let b(p) = 4*p**2 + 42*p - 66. Give b(-12).
6
Let h(f) = -f**3 - 2*f**2 + 36*f + 9. Determine h(-7).
2
Let r(c) = c**3 + 5*c**2 - 10*c - 9. Determine r(-6).
15
Let y(s) = -8*s**2 - 10*s - 9. Determine y(-1).
-7
Let t(r) = -r**2 - 7*r + 2. What is t(-6)?
8
Let m(i) = -6*i**3 - i. Calculate m(-1).
7
Let t(o) = -o + 5. What is t(-9)?
14
Let z(l) = 2*l**3 - 4*l**2 + 28*l - 78. Calculate z(3).
24
Let n(a) = -a**3 - 10*a**2 + 23*a + 129. Give n(-11).
-3
Let r(q) = -2*q**2 + 14*q - 9. Calculate r(6).
3
Let r(a) = -a + 5. What is r(5)?
0
Let d(q) = 2*q**2 + 9*q + 15. Give d(-4).
11
Let h(z) = z**2 + 8*z. What is h(-7)?
-7
Let h(g) = -4*g - 14. Calculate h(-6).
10
Let h(m) = -m**3 + 17*m**2 - 23*m + 47. What is h(16)?
-65
Let d(g) = g + 13. Give d(-13).
0
Let h(y) = y. Calculate h(-7).
-7
Let f(n) = -13*n - 319. Determine f(-25).
6
Let b(j) = 8*j - 27. Give b(3).
-3
Let g(c) = -39*c - 185. Determine g(-5).
10
Let i(q) = -q**3 - 17*q**2 - 31*q + 27. Determine i(-15).
42
Let r(i) = i**3 + 14*i**2 - 11*i + 65. Calculate r(-15).
5
Let t(m) = -m**3 - 3*m**2 + 4*m - 4. What is t(-4)?
-4
Let u(t) = t**2 + 4*t - 2. Give u(-5).
3
Let q(r) = -4*r**3 - 2*r**2 - 8*r - 7. Determine q(-1).
3
Let o(g) = 5*g**2 - 10*g - 7. Determine o(4).
33
Let t(l) = -6*l + 5. Determine t(2).
-7
Let c(d) = 8*d**3 + 145*d**2 + 21*d + 43. Give c(-18).
-11
Let d(g) = 2*g**3 + 61*g**2 + 32*g + 67. What is d(-30)?
7
Let j(n) = n**2 - 10*n + 21. Determine j(2).
5
Let v(w) = 2*w**2 + 48*w + 24. Determine v(-20).
-136
Let a(c) = -5*c + 122. Determine a(25).
-3
Let s(j) = -8*j - 21. Give s(-5).
19
Let c(p) = -p**3 + 8*p**2 + 2*p + 4. What is c(8)?
20
Let q(a) = 16*a**2 - 4*a - 4. Determine q(-2).
68
Let f(n) = -n**3 + 11*n**2 - 14*n - 15. What is f(9)?
21
Let k(g) = 34*g**3 - g**2 - 2*g - 2. Determine k(-1).
-35
Let k(d) = d**3 - 25*d**2 - 27*d + 29. Determine k(26).
3
Let b(y) = -4*y + 34. Give b(6).
10
Let g(s) = s**2 - 6*s + 8. What is g(8)?
24
Let o(x) = -x**3 - 20*x**2 + 9*x + 150. Give o(-20).
-30
Let u(f) = -5*f**3 - f**2 - 3*f - 1. Determine u(-2).
41
Let a(m) = -4*m**2 - 3*m. Calculate a(3).
-45
Let f(w) = 3*w**2 - 16. Calculate f(-2).
-4
Let t(g) = g**3 - 5*g**2 + 3*g + 2. Calculate t(4).
-2
Let s(c) = -5*c**2 + 5*c - 7. Determine s(3).
-37
Let g(h) = h**3 - 4*h**2 - h + 4. Calculate g(5).
24
Let g(r) = -4*r - 52. What is g(-13)?
0
Let k(s) = s**2 - 4*s - 1. Determine k(-4).
31
Let t(r) = -r - 6. What is t(-7)?
1
Let z(f) = 5*f + 8. Calculate z(-6).
-22
Let g(q) = -10*q**3 - q**2 - 5*q - 4. Give g(-1).
10
Let g(n) = -2*n**3 - 29*n**2 + 16*n + 18. What is g(-15)?
3
Let x(p) = -2*p**3 - 51*p**2 + 27*p + 44. Determine x(-26).
18
Let o(p) = -p**2 + 14. Determine o(5).
-11
Let j(y) = -2*y**3 + 7*y**2 + 2*y - 3. Calculate j(5).
-68
Let j(k) = 2*k - 5. Determine j(-6).
-17
Let v(b) = 11*b - 271. What is v(22)?
-29
Let k(c) = 9*c + 2. Determine k(-2).
-16
Let m(q) = 7*q - 172. What is m(25)?
3
Let k(d) = 3*d**3 + 3*d**2 + 2*d + 3. What is k(-2)?
-13
Let r(i) = 12*i + 17. Determine r(6).
89
Let d(v) = 3*v - 39. Calculate d(11).
-6
Let u(x) = x**3 + 4*x**2 - 5*x. What is u(-4)?
20
Let y(j) = j**3 + 4*j**2 - 6*j - 2. Give y(-5).
3
Let n(a) = 31*a. What is n(-1)?
-31
Let v(b) = 7*b**2 - 9*b - 8. Give v(-1).
8
Let a(u) = -u**3 + 24*u**2 - 4*u + 101. What is a(24)?
5
Let l(v) = 6*v + 48. Calculate l(-9).
-6
Let x(o) = o**3 + 4*o**2 - 7*o - 9. Calculate x(-6).
-39
Let v(g) = -2*g**3 - 29*g**2 - 37*g + 29. Give v(-13).
3
Let r(o) = o**3 - 7*o**2 + 4. Calculate r(7).
4
Let s(t) = 4*t**2 + 2*t - 1. Give s(3).
41
Let y(u) = 3*u**2 + 142*u - 94. What is y(-48)?
2
Let r(n) = n**2 + 9*n + 8. Determine r(-10).
18
Let h(g) = -g**3 - 4*g**2 + 11*g - 3. Determine h(-6).
3
Let j(p) = -p**3 - p + 2. Determine j(2).
-8
Let g(t) = -2*t**3 + 4*t**2 - 2*t + 1. Determine g(2).
-3
Let w(s) = s**3 + 4*s**2 - s - 10. Give w(-4).
-6
Let h(m) = -19*m + 458. Calculate h(24).
2
Let h(s) = -s**2 - 5*s + 17. Calculate h(-9).
-19
Let a(m) = 4*m - 2. Give a(4).
14
Let l(j) = -j**2 + 20*j + 60. Give l(-3).
-9
Let q(x) = 6*x - 18. Determine q(4).
6
Let y(m) = m**2 + 6*m + 22. What is y(-5)?
17
Let v(i) = i**2 - 6*i + 5. Determine v(7).
12
Let b(y) = y**3 + y - 5. Give b(0).
-5
Let p(h) = -2*h**2 + 33*h - 30. What is p(18)?
-84
Let r(t) = -t**3 + 3*t**2 - 16*t + 97. Give r(5).
-33
Let m(s) = 3*s**2 - 12*s - 2. Give m(6).
34
Let a(x) = 2*x**2 - 3*x. Determine a(4).
20
Let r(x) = 4*x**3 + 3*x**2 - 1. What is r(-2)?
-21
Let d(p) = 32*p + 259. Determine d(-8).
3
Let c(g) = -g**2 - 13*g - 23. What is c(-11)?
-1
Let d(j) = -j**3 - 11*j**2 - 13*j + 14. Calculate d(-10).
44
Let l(w) = 3*w + 7. What is l(-5)?
-8
Let v(c) = c - 3. Give v(7).
4
Let a(q) = -q**2 + 12*q + 13. Give a(11).
24
Let o(s) = 2*s**2 + 6*s - 12. Determine o(-5).
8
Let t(r) = -r**2 - 13*r + 9. Give t(-16).
-39
Let m(z) = -27*z - 1. Calculate m(4).
-109
Let d(p) = -p**3 + 5*p**2 + 3*p + 4. Calculate d(5).
19
Let p(j) = -4*j - 5. Determine p(-4).
11
Let i(w) = -7*w + 2. Give i(4).
-26
Let p(x) = -3*x - 77. Determine p(-24).
-5
Let f(z) = 7*z - 13. Calculate f(5).
22
Let t(m) = -m**3 + 10*m**2 - 5*m + 53. Calculate t(10).
3
Let i(a) = -11*a - 50. What is i(-5)?
5
Let c(m) = -m**2 - 4*m + 9. Calculate c(3).
-12
Let d(u) = 43*u**2 - 1. Calculate d(-1).
42
Let k(t) = -t - 5. Calculate k(9).
-14
Let z(c) = c**2 + 20*c - 96. Determine z(-23).
-27
Let f(l) = 37*l + 37. Calculate f(-2).
-37
Let x(h) = -h - 7. Determine x(4).
-11
Let z(x) = x**3 - 9*x**2 + 9*x + 5. What is z(8)?
13
Let z(l) = -40*l + 29. What is z(1)?
-11
Let v(r) = -13*r - 128. Give v(-10).
2
Let f(u) = -42*u + 443. What is f(10)?
23
Let a(w) = -5*w. Give a(1).
-5
Let a(v) = -12*v - 72. What is a(-5)?
-12
Let j(f) = -f**2 - 2*f - 5. Determine j(-5).
-20
Let p(o) = -2*o**3 + 2*o**2 - 3*o + 3. Give p(2).
-11
Let h(g) = 3*g**3 + 4*g**2 - g - 3. Determine h(-3).
-45
Let n(j) = j**3 - 2*j**2 - 6*j - 1. Give n(5).
44
Let i(n) = -n**2 + 6*n + 99. Calculate i(13).
8
Let g(c) = -c**3 - 7*c**2 - 9*c - 3. What is g(-6)?
15
Let j(v) = v**3 - 6*v**2 - 2*v - 5. What is j(6)?
-17
Let y(x) = 7*x - 8. Calculate y(2).
6
Let j(b) = 2*b - 15. What is j(5)?
-5
Let h(y) = y**3 - 3*y**2 - y + 2. What is h(3)?
-1
Let h(l) = -59*l + 123. Determine h(2).
5
Let x(t) = t + 24. Give x(17).
41
Let l(c) = 20*c + 71. Determine l(-4).
-9
Let x(q) = -2*q**2 - 7*q - 2. Calculate x(-5).
-17
Let k(r) = 9*r**2 - 4*r + 9. Calculate k(4).
137
Let m(i) = -8*i + 141. What is m(18)?
-3
Let k(i) = -2*i + 2. What is k(-1)?
4
Let c(m) = 3*m**2 + 43*m + 12. Calculate c(-14).
-2
Let w(q) = 4*q**2 + 7*q - 5. Calculate w(-7).
142
Let d(b) = -b**2 - 4*b + 8. Give d(0).
8
Let y(v) = 2*v**2 + 16*v + 39. What is y(-3)?
9
Let p(z) = z**3 + z**2 - 2*z. Give p(-3).
-12
Let b(k) = -k**3 - 16*k**2 - 17*k - 22. Calculate b(-15).
8
Let w(r) = -2*r**3 + 2*r - 10. Determine w(0).
-10
Let h(i) = -3*i**2 - 47*i + 16. Calculate h(-16).
0
Let o(m) = m**2 + 7*m - 37. Determine o(-12).
23
Let c(d) = 21*d + 72. Calculate c(-4).
-12
Let w(o) = -3*o + 22. What is w(11)?
-11
Let h(v) = -v**3 + 18*v**2 - 15*v - 22. Determine h(17).
12
Let k(o) = 3*o + 20. Give k(-6).
2
Let t(h) = h**3 - 10*h**2 - 11*h - 13. What is t(11)?
-13
Let c(j) = -j + 9. Give c(10).
-1
Let w(n) = -n + 23. Determine w(11).
12
Let w(n) = n**3 + 8*n**2 + 7*n + 52. Calculate w(-8).
-4
Let r(w) = -w**3 + 22*w**2 + 48*w + 3. What is r(24)?
3
Let f(x) = 27*x**3 - x**2 - x. What is f(-1)?
-27
Let h(n) = -8*n + 115. What is h(14)?
3
Let g(h) = 22*h + 480. Calculate g(-22).
-4
Let m(s) = -8*s**2 - 3*s + 3. What is m(2)?
-35
Let n(c) = -41*c - 28. Calculate n(0).
-28
Let q(y) = y**3 - 4*y**2 + 5*y - 5. Calculate q(3).
1
Let z(a) = a**3 + 8*a**2 - 2*a. Give z(-8).
16
Let b(p) = -p**3 - 5*p**2 + 24*p - 6. What is b(-8)?
-6
Let x(l) = l**3 + 19*l**2 + 80*l + 4. What is x(-13)?
-22
Let s(z) = 6*z - 243. Calculate s(40).
-3
Let k(u) = 26*u**2 - 99*u - 9. Give k(4).
11
Let a(b) = -4*b - 17. Determine a(-8).
15
Let n(y) = -y**3 + 5*y**2 + 5. What is n(5)?
5
Let g(y) = y**3 - 11*y**2 + 6*y + 14. What is g(10)?
-26
Let m(n) = n**3 - 17*n**2 - 16*n - 18. Determine m(18).
18
Let